{"id":5659,"date":"2025-02-12T14:11:18","date_gmt":"2025-02-12T11:11:18","guid":{"rendered":"https:\/\/vtm-mannheim.de\/?page_id=5659"},"modified":"2025-02-12T14:36:45","modified_gmt":"2025-02-12T11:36:45","slug":"datenschutz","status":"publish","type":"page","link":"https:\/\/vtm-mannheim.de\/?page_id=5659","title":{"rendered":"Datenschutz"},"content":{"rendered":"<div class=\"wpb-content-wrapper\"><p>[vc_row][vc_column][rev_slider_vc alias=&#8220;slider-home1&#8243;][\/vc_column][\/vc_row][vc_section full_width=&#8220;stretch_row&#8220; css=&#8220;.vc_custom_1492666861757{padding-bottom: 5vw !important;background-image: url(https:\/\/vtm-mannheim.de\/wp-content\/uploads\/2016\/05\/home-bg-sr-1.jpg?id=5068) !important;background-position: center !important;background-repeat: no-repeat !important;background-size: cover !important;}&#8220;][vc_row][vc_column][vc_custom_heading text=&#8220;DATENSCHUTZERKL\u00c4RUNG&#8220; font_container=&#8220;tag:h3|font_size:24px|text_align:center|color:%23ffffff&#8220; use_theme_fonts=&#8220;yes&#8220; css=&#8220;.vc_custom_1739358820203{margin-bottom: 20px !important;padding-top: 2vw !important;}&#8220;][vc_column_text css=&#8220;&#8220;]<\/p>\n<p data-pm-slice=\"1 1 []\"><strong>DATENSCHUTZERKL\u00c4RUNG<\/strong><\/p>\n<p><strong>1. Allgemeine Hinweise<\/strong><br \/>\nDer Schutz Ihrer pers\u00f6nlichen Daten ist uns ein besonderes Anliegen. Wir behandeln Ihre personenbezogenen Daten vertraulich und entsprechend den gesetzlichen Datenschutzvorschriften sowie dieser Datenschutzerkl\u00e4rung.<\/p>\n<p><strong>2. Verantwortliche Stelle<\/strong><br \/>\nVerantwortlich f\u00fcr die Datenverarbeitung auf dieser Website ist:<br \/>\nVeranstaltungstechnik VTM Mannheim<br \/>\nInhaber: Murat Sentuerk<br \/>\nGutenbergstra\u00dfe 10, 68167 Mannheim<br \/>\nE-Mail: <a>info@vtm-mannheim.de<\/a><\/p>\n<p><strong>3. Erhebung und Speicherung personenbezogener Daten sowie Art und Zweck der Verwendung<\/strong><\/p>\n<p><strong>a) Beim Besuch der Website<\/strong><br \/>\nBeim Aufrufen unserer Website werden automatisch bestimmte Informationen erfasst, darunter Ihre IP-Adresse (anonymisiert), Browsertyp, Betriebssystem, Datum und Uhrzeit des Zugriffs sowie die zuvor besuchte Seite (Referrer-URL). Die Speicherung erfolgt zur Sicherstellung der Funktionalit\u00e4t und Sicherheit der Website.<\/p>\n<p><strong>b) Cookies<\/strong><br \/>\nUnsere Website verwendet Cookies. Diese dienen dazu, die Nutzung der Website zu erleichtern und unser Angebot nutzerfreundlicher zu gestalten. Sie k\u00f6nnen Ihre Browser-Einstellungen so anpassen, dass Cookies deaktiviert oder nur nach Zustimmung gesetzt werden.<\/p>\n<p><strong>c) Google Analytics und IP-Anonymisierung<\/strong><br \/>\nWir nutzen Google Analytics zur Analyse der Nutzung unserer Website. Die IP-Anonymisierung ist aktiviert, sodass Ihre IP-Adresse gek\u00fcrzt und nicht vollst\u00e4ndig gespeichert wird. Die Datenverarbeitung basiert auf Art. 6 Abs. 1 lit. f DSGVO. Weitere Informationen zu Google Analytics finden Sie hier: <a>https:\/\/support.google.com\/analytics\/answer\/6004245?hl=de<\/a><\/p>\n<p><strong>d) Google reCAPTCHA<\/strong><br \/>\nZur Absicherung unserer Formulare gegen Missbrauch setzen wir Google reCAPTCHA ein. Dieses dient dazu, sicherzustellen, dass Eingaben von einer nat\u00fcrlichen Person stammen. Dabei k\u00f6nnen personenbezogene Daten wie IP-Adresse an Google \u00fcbermittelt werden. Mehr Informationen zu Google reCAPTCHA finden Sie hier: <a>https:\/\/www.google.com\/recaptcha\/about\/<\/a><\/p>\n<p><strong>e) Google Web Fonts<\/strong><br \/>\nZur einheitlichen Darstellung von Schriftarten nutzt diese Website Google Web Fonts. Ihr Browser l\u00e4dt die ben\u00f6tigten Web Fonts in den Browsercache, um Texte und Schriftarten korrekt anzuzeigen. Weitere Informationen zu Google Web Fonts finden Sie hier: <a>https:\/\/developers.google.com\/fonts\/faq<\/a><\/p>\n<p><strong>f) Kontaktformular<\/strong><br \/>\nWenn Sie uns \u00fcber unser Kontaktformular Anfragen senden, werden Ihre Angaben zur Bearbeitung der Anfrage gespeichert. Die Verarbeitung erfolgt gem\u00e4\u00df Art. 6 Abs. 1 lit. b DSGVO.<\/p>\n<p><strong>g) Social Media (Facebook, Instagram, WhatsApp)<\/strong><br \/>\nWir nutzen Social-Media-Plattformen wie Facebook und Instagram. Wenn Sie unsere Seiten auf diesen Plattformen besuchen, gelten die Datenschutzrichtlinien der jeweiligen Anbieter. \u00dcber WhatsApp k\u00f6nnen Sie uns direkt kontaktieren; in diesem Fall verarbeitet WhatsApp Ihre Daten gem\u00e4\u00df deren Datenschutzbestimmungen.<\/p>\n<p><strong>4. SSL- bzw. TLS-Verschl\u00fcsselung<\/strong><br \/>\nDiese Website nutzt eine SSL- bzw. TLS-Verschl\u00fcsselung, um die Sicherheit der Daten\u00fcbertragung zu gew\u00e4hrleisten. Eine verschl\u00fcsselte Verbindung erkennen Sie an der \u201ehttps:\/\/\u201c-Adresszeile in Ihrem Browser.<\/p>\n<p><strong>5. Aufsichtsbeh\u00f6rde und Beschwerderecht<\/strong><br \/>\nFalls Sie der Ansicht sind, dass die Verarbeitung Ihrer Daten gegen die DSGVO verst\u00f6\u00dft, haben Sie das Recht, eine Beschwerde bei der zust\u00e4ndigen Datenschutz-Aufsichtsbeh\u00f6rde einzureichen. Zust\u00e4ndige Beh\u00f6rde: Der Landesbeauftragte f\u00fcr den Datenschutz und die Informationsfreiheit Baden-W\u00fcrttemberg (<a>https:\/\/www.baden-wuerttemberg.datenschutz.de\/<\/a>).<\/p>\n<p><strong>6. Aktualit\u00e4t und \u00c4nderung dieser Datenschutzerkl\u00e4rung<\/strong><br \/>\nDiese Datenschutzerkl\u00e4rung ist aktuell g\u00fcltig und hat den Stand Februar 2025. Durch \u00c4nderungen der Rechtslage oder unserer Dienstleistungen kann eine Anpassung erforderlich sein.[\/vc_column_text][\/vc_column][\/vc_row][vc_row css=&#8220;.vc_custom_1492781207113{margin-bottom: 3vw !important;padding-bottom: 2vw !important;}&#8220;][vc_column width=&#8220;1\/6&#8243; el_class=&#8220;center&#8220;][vc_single_image image=&#8220;5530&#8243; img_size=&#8220;128px&#8220; alignment=&#8220;center&#8220; style=&#8220;vc_box_shadow_circle&#8220; onclick=&#8220;custom_link&#8220; css=&#8220;&#8220;][vc_btn title=&#8220;TON&#8220; style=&#8220;gradient-custom&#8220; gradient_custom_color_1=&#8220;#DD3333&#8243; gradient_custom_color_2=&#8220;#1E73BE&#8220; css=&#8220;&#8220;][\/vc_column][vc_column width=&#8220;1\/6&#8243;][vc_single_image image=&#8220;5491&#8243; img_size=&#8220;128px&#8220; alignment=&#8220;center&#8220; style=&#8220;vc_box_shadow_circle&#8220; onclick=&#8220;custom_link&#8220; css=&#8220;&#8220;][vc_btn title=&#8220;LICHT&#8220; style=&#8220;gradient-custom&#8220; gradient_custom_color_1=&#8220;#DD3333&#8243; gradient_custom_color_2=&#8220;#1E73BE&#8220; align=&#8220;center&#8220; css=&#8220;&#8220;][\/vc_column][vc_column width=&#8220;1\/6&#8243;][vc_single_image image=&#8220;5493&#8243; img_size=&#8220;128px&#8220; alignment=&#8220;center&#8220; style=&#8220;vc_box_shadow_circle&#8220; onclick=&#8220;custom_link&#8220; css=&#8220;&#8220;][vc_btn title=&#8220;RIGGING&#8220; style=&#8220;gradient-custom&#8220; gradient_custom_color_2=&#8220;#1E73BE&#8220; align=&#8220;center&#8220; css=&#8220;&#8220;][\/vc_column][vc_column width=&#8220;1\/6&#8243;][vc_single_image image=&#8220;5496&#8243; img_size=&#8220;128px&#8220; alignment=&#8220;center&#8220; style=&#8220;vc_box_shadow_circle&#8220; onclick=&#8220;custom_link&#8220; css=&#8220;&#8220;][vc_btn title=&#8220;MEDIEN&#8220; style=&#8220;gradient-custom&#8220; gradient_custom_color_2=&#8220;#1E73BE&#8220; align=&#8220;center&#8220; css=&#8220;&#8220;][\/vc_column][vc_column width=&#8220;1\/6&#8243;][vc_single_image image=&#8220;5492&#8243; img_size=&#8220;128px&#8220; alignment=&#8220;center&#8220; style=&#8220;vc_box_shadow_circle&#8220; onclick=&#8220;custom_link&#8220; css=&#8220;&#8220;][vc_btn title=&#8220;SETBAU&#8220; style=&#8220;gradient-custom&#8220; gradient_custom_color_2=&#8220;#1E73BE&#8220; align=&#8220;center&#8220; css=&#8220;&#8220;][\/vc_column][vc_column width=&#8220;1\/6&#8243;][vc_single_image image=&#8220;5529&#8243; img_size=&#8220;128px&#8220; alignment=&#8220;center&#8220; style=&#8220;vc_box_shadow_circle&#8220; onclick=&#8220;custom_link&#8220; css=&#8220;&#8220;][vc_btn title=&#8220;B\u00dcHNE&#8220; style=&#8220;gradient-custom&#8220; gradient_custom_color_2=&#8220;#1E73BE&#8220; align=&#8220;center&#8220; css=&#8220;&#8220;][\/vc_column][\/vc_row][vc_row][vc_column][vc_row_inner][vc_column_inner][vc_btn title=&#8220;Alle Leistungen im \u00dcberblick&#8220; style=&#8220;gradient-custom&#8220; gradient_custom_color_1=&#8220;#DD3333&#8243; gradient_custom_color_2=&#8220;#1E73BE&#8220; size=&#8220;lg&#8220; align=&#8220;center&#8220; css=&#8220;&#8220; button_block=&#8220;true&#8220;][\/vc_column_inner][\/vc_row_inner][\/vc_column][\/vc_row][\/vc_section][vc_section full_width=&#8220;stretch_row&#8220; css=&#8220;.vc_custom_1492414311079{padding-top: 5vw !important;padding-bottom: 5vw !important;background-image: url(https:\/\/vtm-mannheim.de\/wp-content\/uploads\/2016\/05\/bg-prefooter-home.jpg?id=4667) !important;background-position: center !important;background-repeat: no-repeat !important;background-size: cover !important;}&#8220;][vc_row][vc_column][vc_custom_heading text=&#8220;KONTAKTIEREN SIE UNS&#8220; font_container=&#8220;tag:h3|font_size:24px|text_align:center|color:%23ffffff&#8220; use_theme_fonts=&#8220;yes&#8220; css=&#8220;.vc_custom_1739300105126{margin-bottom: 20px !important;padding-top: 2vw !important;}&#8220;][\/vc_column][\/vc_row][vc_row css=&#8220;.vc_custom_1492785910890{padding-bottom: 2vw !important;}&#8220; el_class=&#8220;icon-box_section&#8220;][vc_column width=&#8220;1\/2&#8243;]<div data-id=\"mpc_image-769d218af9c013\" onclick=\"\" class=\"mpc-image mpc-init mpc-animation \"  data-animation-in=\"transition.slideDownBigIn||300||0||100\"><div class=\"mpc-item mpc-transition\"><img loading=\"lazy\" decoding=\"async\" width=\"6250\" height=\"3125\" src=\"https:\/\/vtm-mannheim.de\/wp-content\/uploads\/2025\/02\/vtmlogoweiss.png\" class=\"mpc-transition attachment-full\" alt=\"\" title=\"vtmlogoweiss\" srcset=\"https:\/\/vtm-mannheim.de\/wp-content\/uploads\/2025\/02\/vtmlogoweiss.png 6250w, https:\/\/vtm-mannheim.de\/wp-content\/uploads\/2025\/02\/vtmlogoweiss-756x378.png 756w, https:\/\/vtm-mannheim.de\/wp-content\/uploads\/2025\/02\/vtmlogoweiss-1600x800.png 1600w, https:\/\/vtm-mannheim.de\/wp-content\/uploads\/2025\/02\/vtmlogoweiss-768x384.png 768w, https:\/\/vtm-mannheim.de\/wp-content\/uploads\/2025\/02\/vtmlogoweiss-1536x768.png 1536w, https:\/\/vtm-mannheim.de\/wp-content\/uploads\/2025\/02\/vtmlogoweiss-2048x1024.png 2048w, https:\/\/vtm-mannheim.de\/wp-content\/uploads\/2025\/02\/vtmlogoweiss-600x300.png 600w, https:\/\/vtm-mannheim.de\/wp-content\/uploads\/2025\/02\/vtmlogoweiss-1x1.png 1w, https:\/\/vtm-mannheim.de\/wp-content\/uploads\/2025\/02\/vtmlogoweiss-10x5.png 10w\" sizes=\"auto, (max-width: 6250px) 100vw, 6250px\" \/><\/div><\/div>[\/vc_column][vc_column width=&#8220;1\/2&#8243; el_class=&#8220;location&#8220;]<div data-id=\"mpc_icon_column-5669d218af9c0b0\" class=\"mpc-icon-column mpc-init mpc-parent-hover mpc-transition mpc-icon-column--style_3 mpc-align--center responsive-center\" ><div data-id=\"mpc_icon-2269d218af9c47a\" class=\"mpc-icon mpc-init mpc-transition mpc-effect-none mpc-icon--image \"><div class=\"mpc-icon-wrap\"><i class=\"mpc-icon-part mpc-regular mpc-transition \"><img loading=\"lazy\" decoding=\"async\" width=\"15\" height=\"22\" src=\"https:\/\/vtm-mannheim.de\/wp-content\/uploads\/2017\/04\/icon-1.png\" class=\"attachment-thumbnail\" alt=\"\" title=\"icon-1\" \/><\/i><\/div><\/div><div class=\"mpc-icon-column__content-wrap\"><div class=\"mpc-icon-column__content\"><div data-id=\"mpc_divider-6469d218af9c4b7\" class=\"mpc-divider-wrap\"><div class=\"mpc-divider mpc-init mpc-align--center mpc-disable--left \" ><div class=\"mpc-divider__line mpc-side--left\"><span><\/span><\/div><div class=\"mpc-divider__line mpc-side--right\"><span><\/span><\/div><\/div><\/div><div class=\"mpc-icon-column__description mpc-transition\"><p style=\"text-align: left;\">GUTENBERGSTRASSE 10<br \/>\n68167 MANNHEIM<\/p>\n<\/div><\/div><\/div><\/div><div data-id=\"mpc_icon_column-5669d218af9c547\" class=\"mpc-icon-column mpc-init mpc-parent-hover mpc-transition mpc-icon-column--style_3 mpc-align--center responsive-center\" ><div data-id=\"mpc_icon-4869d218af9c8fb\" class=\"mpc-icon mpc-init mpc-transition mpc-effect-none mpc-icon--image \"><div class=\"mpc-icon-wrap\"><i class=\"mpc-icon-part mpc-regular mpc-transition \"><img loading=\"lazy\" decoding=\"async\" width=\"15\" height=\"15\" src=\"https:\/\/vtm-mannheim.de\/wp-content\/uploads\/2017\/04\/icon-2.png\" class=\"attachment-thumbnail\" alt=\"\" title=\"icon-2\" \/><\/i><\/div><\/div><div class=\"mpc-icon-column__content-wrap\"><div class=\"mpc-icon-column__content\"><div data-id=\"mpc_divider-4469d218af9c91b\" class=\"mpc-divider-wrap\"><div class=\"mpc-divider mpc-init mpc-align--center mpc-disable--left \" ><div class=\"mpc-divider__line mpc-side--left\"><span><\/span><\/div><div class=\"mpc-divider__line mpc-side--right\"><span><\/span><\/div><\/div><\/div><div class=\"mpc-icon-column__description mpc-transition\"><p style=\"text-align: left;\">+49176 632 06 938<\/p>\n<\/div><\/div><\/div><\/div><div data-id=\"mpc_icon_column-7169d218af9c981\" class=\"mpc-icon-column mpc-init mpc-parent-hover mpc-transition mpc-icon-column--style_3 mpc-align--center responsive-center\" ><div data-id=\"mpc_icon-169d218af9cd5f\" class=\"mpc-icon mpc-init mpc-transition mpc-effect-none mpc-icon--image \"><div class=\"mpc-icon-wrap\"><i class=\"mpc-icon-part mpc-regular mpc-transition \"><img loading=\"lazy\" decoding=\"async\" width=\"20\" height=\"15\" src=\"https:\/\/vtm-mannheim.de\/wp-content\/uploads\/2017\/04\/icon-3.png\" class=\"attachment-thumbnail\" alt=\"\" title=\"icon-3\" \/><\/i><\/div><\/div><div class=\"mpc-icon-column__content-wrap\"><div class=\"mpc-icon-column__content\"><div data-id=\"mpc_divider-8669d218af9cd82\" class=\"mpc-divider-wrap\"><div class=\"mpc-divider mpc-init mpc-align--center mpc-disable--left \" ><div class=\"mpc-divider__line mpc-side--left\"><span><\/span><\/div><div class=\"mpc-divider__line mpc-side--right\"><span><\/span><\/div><\/div><\/div><div class=\"mpc-icon-column__description mpc-transition\"><p style=\"text-align: left;\">info@vtm-mannheim.de<br \/>\nm.sentuerk@vtm-mannheim.de<\/p>\n<p>\u00a9 2025. VTM MANNHEIM. ALLE RECHTE VORBEHALTEN.<\/p>\n<\/div><\/div><\/div><\/div><div data-id=\"mpc_icon_column-1569d218af9cded\" class=\"mpc-icon-column mpc-init mpc-parent-hover mpc-transition mpc-icon-column--style_3 mpc-align--center responsive-center\" ><div data-id=\"mpc_icon-5469d218af9d19d\" class=\"mpc-icon mpc-init mpc-transition mpc-effect-none mpc-icon--image \"><div class=\"mpc-icon-wrap\"><i class=\"mpc-icon-part mpc-regular mpc-transition \"><img loading=\"lazy\" decoding=\"async\" width=\"17\" height=\"15\" src=\"https:\/\/vtm-mannheim.de\/wp-content\/uploads\/2017\/04\/img-2.png\" class=\"attachment-thumbnail\" alt=\"\" title=\"img-2\" \/><\/i><\/div><\/div><div class=\"mpc-icon-column__content-wrap\"><div class=\"mpc-icon-column__content\"><div data-id=\"mpc_divider-569d218af9d1be\" class=\"mpc-divider-wrap\"><div class=\"mpc-divider mpc-init mpc-align--center mpc-disable--left \" ><div class=\"mpc-divider__line mpc-side--left\"><span><\/span><\/div><div class=\"mpc-divider__line mpc-side--right\"><span><\/span><\/div><\/div><\/div><div class=\"mpc-icon-column__description mpc-transition\"><p style=\"text-align: left;\"><a href=\"https:\/\/vtm-mannheim.de\/?page_id=5614\">IMPRESSUM<\/a> | <a href=\"https:\/\/vtm-mannheim.de\/?page_id=5659\">DATENSCHUTZ<\/a> | <a href=\"https:\/\/vtm-mannheim.de\/?page_id=5665\">AGB<\/a> | <a href=\"https:\/\/vtm-mannheim.de\/?page_id=4311\">KONTAKT<\/a><\/p>\n<\/div><\/div><\/div><\/div>[\/vc_column][\/vc_row][\/vc_section]<\/p>\n<\/div>","protected":false},"excerpt":{"rendered":"<p>[vc_row][vc_column][rev_slider_vc alias=&#8220;slider-home1&#8243;][\/vc_column][\/vc_row][vc_section full_width=&#8220;stretch_row&#8220; css=&#8220;.vc_custom_1492666861757{padding-bottom: 5vw !important;background-image: url(https:\/\/vtm-mannheim.de\/wp-content\/uploads\/2016\/05\/home-bg-sr-1.jpg?id=5068) !important;background-position: center !important;background-repeat: no-repeat !important;background-size: cover !important;}&#8220;][vc_row][vc_column][vc_custom_heading text=&#8220;DATENSCHUTZERKL\u00c4RUNG&#8220; font_container=&#8220;tag:h3|font_size:24px|text_align:center|color:%23ffffff&#8220; use_theme_fonts=&#8220;yes&#8220; css=&#8220;.vc_custom_1739358820203{margin-bottom: 20px !important;padding-top: 2vw !important;}&#8220;][vc_column_text css=&#8220;&#8220;] DATENSCHUTZERKL\u00c4RUNG 1&#8230;.<\/p>\n","protected":false},"author":2,"featured_media":0,"parent":0,"menu_order":0,"comment_status":"closed","ping_status":"closed","template":"page.php","meta":{"footnotes":""},"class_list":["post-5659","page","type-page","status-publish","hentry"],"yoast_head":"<!-- This site is optimized with the Yoast SEO plugin v24.5 - https:\/\/yoast.com\/wordpress\/plugins\/seo\/ -->\n<title>Datenschutz - VTM Mannheim<\/title>\n<meta name=\"robots\" content=\"index, follow, max-snippet:-1, max-image-preview:large, max-video-preview:-1\" \/>\n<link rel=\"canonical\" href=\"https:\/\/vtm-mannheim.de\/?page_id=5659\" \/>\n<meta property=\"og:locale\" content=\"de_DE\" \/>\n<meta property=\"og:type\" content=\"article\" \/>\n<meta property=\"og:title\" content=\"Datenschutz - VTM Mannheim\" \/>\n<meta property=\"og:description\" content=\"[vc_row][vc_column][rev_slider_vc alias=&#8220;slider-home1&#8243;][\/vc_column][\/vc_row][vc_section full_width=&#8220;stretch_row&#8220; css=&#8220;.vc_custom_1492666861757{padding-bottom: 5vw !important;background-image: url(https:\/\/vtm-mannheim.de\/wp-content\/uploads\/2016\/05\/home-bg-sr-1.jpg?id=5068) !important;background-position: center !important;background-repeat: no-repeat !important;background-size: cover !important;}&#8220;][vc_row][vc_column][vc_custom_heading text=&#8220;DATENSCHUTZERKL\u00c4RUNG&#8220; font_container=&#8220;tag:h3|font_size:24px|text_align:center|color:%23ffffff&#8220; use_theme_fonts=&#8220;yes&#8220; css=&#8220;.vc_custom_1739358820203{margin-bottom: 20px !important;padding-top: 2vw !important;}&#8220;][vc_column_text css=&#8220;&#8220;] DATENSCHUTZERKL\u00c4RUNG 1....\" \/>\n<meta property=\"og:url\" content=\"https:\/\/vtm-mannheim.de\/?page_id=5659\" \/>\n<meta property=\"og:site_name\" content=\"VTM Mannheim\" \/>\n<meta property=\"article:modified_time\" content=\"2025-02-12T11:36:45+00:00\" \/>\n<meta name=\"twitter:card\" content=\"summary_large_image\" \/>\n<meta name=\"twitter:label1\" content=\"Gesch\u00e4tzte Lesezeit\" \/>\n\t<meta name=\"twitter:data1\" content=\"7\u00a0Minuten\" \/>\n<script type=\"application\/ld+json\" class=\"yoast-schema-graph\">{\"@context\":\"https:\/\/schema.org\",\"@graph\":[{\"@type\":\"WebPage\",\"@id\":\"https:\/\/vtm-mannheim.de\/?page_id=5659\",\"url\":\"https:\/\/vtm-mannheim.de\/?page_id=5659\",\"name\":\"Datenschutz - VTM Mannheim\",\"isPartOf\":{\"@id\":\"https:\/\/vtm-mannheim.de\/#website\"},\"datePublished\":\"2025-02-12T11:11:18+00:00\",\"dateModified\":\"2025-02-12T11:36:45+00:00\",\"breadcrumb\":{\"@id\":\"https:\/\/vtm-mannheim.de\/?page_id=5659#breadcrumb\"},\"inLanguage\":\"de\",\"potentialAction\":[{\"@type\":\"ReadAction\",\"target\":[\"https:\/\/vtm-mannheim.de\/?page_id=5659\"]}]},{\"@type\":\"BreadcrumbList\",\"@id\":\"https:\/\/vtm-mannheim.de\/?page_id=5659#breadcrumb\",\"itemListElement\":[{\"@type\":\"ListItem\",\"position\":1,\"name\":\"Anasayfa\",\"item\":\"https:\/\/vtm-mannheim.de\/\"},{\"@type\":\"ListItem\",\"position\":2,\"name\":\"Datenschutz\"}]},{\"@type\":\"WebSite\",\"@id\":\"https:\/\/vtm-mannheim.de\/#website\",\"url\":\"https:\/\/vtm-mannheim.de\/\",\"name\":\"VTM Mannheim\",\"description\":\"Ihrem SpezIalIsten f\u00fcr VeranstaltungstechnIk\",\"potentialAction\":[{\"@type\":\"SearchAction\",\"target\":{\"@type\":\"EntryPoint\",\"urlTemplate\":\"https:\/\/vtm-mannheim.de\/?s={search_term_string}\"},\"query-input\":{\"@type\":\"PropertyValueSpecification\",\"valueRequired\":true,\"valueName\":\"search_term_string\"}}],\"inLanguage\":\"de\"}]}<\/script>\n<!-- \/ Yoast SEO plugin. -->","yoast_head_json":{"title":"Datenschutz - VTM Mannheim","robots":{"index":"index","follow":"follow","max-snippet":"max-snippet:-1","max-image-preview":"max-image-preview:large","max-video-preview":"max-video-preview:-1"},"canonical":"https:\/\/vtm-mannheim.de\/?page_id=5659","og_locale":"de_DE","og_type":"article","og_title":"Datenschutz - VTM Mannheim","og_description":"[vc_row][vc_column][rev_slider_vc alias=&#8220;slider-home1&#8243;][\/vc_column][\/vc_row][vc_section full_width=&#8220;stretch_row&#8220; css=&#8220;.vc_custom_1492666861757{padding-bottom: 5vw !important;background-image: url(https:\/\/vtm-mannheim.de\/wp-content\/uploads\/2016\/05\/home-bg-sr-1.jpg?id=5068) !important;background-position: center !important;background-repeat: no-repeat !important;background-size: cover !important;}&#8220;][vc_row][vc_column][vc_custom_heading text=&#8220;DATENSCHUTZERKL\u00c4RUNG&#8220; font_container=&#8220;tag:h3|font_size:24px|text_align:center|color:%23ffffff&#8220; use_theme_fonts=&#8220;yes&#8220; css=&#8220;.vc_custom_1739358820203{margin-bottom: 20px !important;padding-top: 2vw !important;}&#8220;][vc_column_text css=&#8220;&#8220;] DATENSCHUTZERKL\u00c4RUNG 1....","og_url":"https:\/\/vtm-mannheim.de\/?page_id=5659","og_site_name":"VTM Mannheim","article_modified_time":"2025-02-12T11:36:45+00:00","twitter_card":"summary_large_image","twitter_misc":{"Gesch\u00e4tzte Lesezeit":"7\u00a0Minuten"},"schema":{"@context":"https:\/\/schema.org","@graph":[{"@type":"WebPage","@id":"https:\/\/vtm-mannheim.de\/?page_id=5659","url":"https:\/\/vtm-mannheim.de\/?page_id=5659","name":"Datenschutz - VTM Mannheim","isPartOf":{"@id":"https:\/\/vtm-mannheim.de\/#website"},"datePublished":"2025-02-12T11:11:18+00:00","dateModified":"2025-02-12T11:36:45+00:00","breadcrumb":{"@id":"https:\/\/vtm-mannheim.de\/?page_id=5659#breadcrumb"},"inLanguage":"de","potentialAction":[{"@type":"ReadAction","target":["https:\/\/vtm-mannheim.de\/?page_id=5659"]}]},{"@type":"BreadcrumbList","@id":"https:\/\/vtm-mannheim.de\/?page_id=5659#breadcrumb","itemListElement":[{"@type":"ListItem","position":1,"name":"Anasayfa","item":"https:\/\/vtm-mannheim.de\/"},{"@type":"ListItem","position":2,"name":"Datenschutz"}]},{"@type":"WebSite","@id":"https:\/\/vtm-mannheim.de\/#website","url":"https:\/\/vtm-mannheim.de\/","name":"VTM Mannheim","description":"Ihrem SpezIalIsten f\u00fcr VeranstaltungstechnIk","potentialAction":[{"@type":"SearchAction","target":{"@type":"EntryPoint","urlTemplate":"https:\/\/vtm-mannheim.de\/?s={search_term_string}"},"query-input":{"@type":"PropertyValueSpecification","valueRequired":true,"valueName":"search_term_string"}}],"inLanguage":"de"}]}},"_links":{"self":[{"href":"https:\/\/vtm-mannheim.de\/index.php?rest_route=\/wp\/v2\/pages\/5659","targetHints":{"allow":["GET"]}}],"collection":[{"href":"https:\/\/vtm-mannheim.de\/index.php?rest_route=\/wp\/v2\/pages"}],"about":[{"href":"https:\/\/vtm-mannheim.de\/index.php?rest_route=\/wp\/v2\/types\/page"}],"author":[{"embeddable":true,"href":"https:\/\/vtm-mannheim.de\/index.php?rest_route=\/wp\/v2\/users\/2"}],"replies":[{"embeddable":true,"href":"https:\/\/vtm-mannheim.de\/index.php?rest_route=%2Fwp%2Fv2%2Fcomments&post=5659"}],"version-history":[{"count":6,"href":"https:\/\/vtm-mannheim.de\/index.php?rest_route=\/wp\/v2\/pages\/5659\/revisions"}],"predecessor-version":[{"id":5675,"href":"https:\/\/vtm-mannheim.de\/index.php?rest_route=\/wp\/v2\/pages\/5659\/revisions\/5675"}],"wp:attachment":[{"href":"https:\/\/vtm-mannheim.de\/index.php?rest_route=%2Fwp%2Fv2%2Fmedia&parent=5659"}],"curies":[{"name":"wp","href":"https:\/\/api.w.org\/{rel}","templated":true}]}}